3. Calculate h(12).
-5
Let m(u) = 141*u**2. Determine m(-1).
141
Let w(h) = 4*h - 5. Give w(4).
11
Let w(b) = -b**3 - 17*b**2 - 63*b + 19. Calculate w(-6).
1
Let u(g) = -20*g - 36. What is u(-3)?
24
Let n(y) = -y**2 + 3*y - 9. Give n(4).
-13
Let w(d) = d**2 + 5*d - 7. Determine w(-3).
-13
Let a(v) = v**2 - 5*v - 130. Calculate a(-9).
-4
Let w(t) = -2*t**3 + 2*t**2 + 1. Give w(2).
-7
Let s(m) = -m**3 - 4*m**2 + 6*m - 7. Determine s(-5).
-12
Let w(g) = -9*g + 413. Calculate w(46).
-1
Let g(q) = 6*q - 95. Give g(15).
-5
Let m(h) = -h**3 + 5*h**2 + 4*h + 5. What is m(6)?
-7
Let j(g) = -13*g**2 + g + 1. Determine j(-1).
-13
Let n(g) = -6*g + 3. Calculate n(-1).
9
Let c(t) = t**3 - 31*t**2 - 64*t - 61. Calculate c(33).
5
Let x(j) = -j + 4. Determine x(3).
1
Let a(s) = -4*s**2 - 3*s - 3. Calculate a(-1).
-4
Let v(o) = 2*o**3 + 12*o**2 - 9*o - 5. Determine v(-7).
-40
Let l(d) = -54*d + 1. Calculate l(1).
-53
Let i(u) = u + 8. Calculate i(-6).
2
Let r(h) = -3*h - 18. Give r(-7).
3
Let f(n) = 3*n**2 + 4*n + 3. Give f(3).
42
Let l(j) = -j**2 - 7. What is l(0)?
-7
Let d(j) = -4*j - 17. Determine d(-5).
3
Let l(v) = v**3 - 8*v**2 - 5. Calculate l(8).
-5
Let j(z) = -z**3 - 8*z**2 + 66*z + 13. Give j(-13).
0
Let c(f) = f**3 + 8*f**2 - 7*f + 15. Give c(-9).
-3
Let w(f) = -f**3 + 9*f**2 + 4*f - 29. Determine w(9).
7
Let o(u) = u**3 - 6*u**2 - 6*u - 9. What is o(7)?
-2
Let v(r) = -r**3 - 23*r**2 + 28*r + 34. Determine v(-24).
-62
Let q(n) = -n**3 - 3*n**2 - 7*n - 8. Give q(-4).
36
Let u(y) = -y**3 - 7*y**2 - y + 13. Give u(-7).
20
Let t(k) = -3*k + 26. What is t(-20)?
86
Let r(c) = c**2 + 2. Determine r(2).
6
Let a(v) = -v**2 - 4*v. What is a(10)?
-140
Let n(r) = -2*r**3 - 16*r**2 - 23*r + 1. Calculate n(-6).
-5
Let o(u) = 2*u**2 + 9*u - 3. Calculate o(-3).
-12
Let r(l) = 2*l - 17. What is r(9)?
1
Let v(f) = f**2 + 17*f + 38. Determine v(-18).
56
Let a(u) = -3*u**2 + 6. Give a(-2).
-6
Let n(c) = -10*c + 41. Give n(4).
1
Let b(x) = -x**3 + 5*x**2 + 2*x + 16. Give b(6).
-8
Let s(h) = 21*h - 44. Calculate s(2).
-2
Let v(j) = 11*j**3 + j**2 - 1. Calculate v(-1).
-11
Let l(z) = z**3 - 42*z**2 - 48*z + 200. Determine l(43).
-15
Let n(m) = 4*m - 2. Give n(1).
2
Let t(m) = 2*m**3 - 2*m - 17. Calculate t(0).
-17
Let w(t) = 27*t - 133. Calculate w(5).
2
Let i(q) = -q**2 - 18*q - 54. Give i(-17).
-37
Let x(t) = -2*t - 33. Calculate x(-16).
-1
Let l(o) = -2*o - 9. Give l(-3).
-3
Let t(f) = 3*f + 9. Give t(1).
12
Let p(n) = -n**3 + 30*n**2 + 65*n - 40. Give p(32).
-8
Let j(k) = k**3 + 7*k**2 + 5*k + 3. Give j(-6).
9
Let x(k) = -k + 6. Determine x(-5).
11
Let t(l) = l**2 + 3*l - 10. Determine t(4).
18
Let r(w) = -2*w**2 - 29*w + 19. Give r(-15).
4
Let g(y) = y**3 - 10*y**2 + 9*y - 32. Determine g(10).
58
Let k(a) = 7*a + 72. What is k(8)?
128
Let d(t) = 13*t + 61. Calculate d(-6).
-17
Let h(i) = -i**3 - 7*i**2 - 2. Determine h(-7).
-2
Let h(d) = -d**2 + 11*d - 19. Give h(6).
11
Let i(u) = 8*u - 83. What is i(11)?
5
Let i(r) = -r**2 - r + 7. Calculate i(-5).
-13
Let z(t) = t**3 - 4*t**2 - 15*t + 8. Calculate z(6).
-10
Let j(m) = -22*m**2 - 14*m - 1. Determine j(-1).
-9
Let k(m) = m**2 + 5*m - 1. Give k(-5).
-1
Let q(d) = -d**3 + 2*d + 16. Calculate q(0).
16
Let o(l) = -10*l - 6. Give o(-3).
24
Let q(i) = -8*i + 1. Give q(-6).
49
Let b(x) = x**3 - 2*x**2 + 2*x + 2. Give b(3).
17
Let b(f) = 48*f**2 - 1. What is b(-1)?
47
Let o(w) = -13*w + 1. What is o(2)?
-25
Let t(k) = 11*k + 5. Determine t(6).
71
Let s(c) = c - 9. What is s(-7)?
-16
Let n(r) = r**3 + 2*r**2 - r + 4. What is n(-2)?
6
Let y(m) = m**3 + 5*m**2 + 7*m + 17. Determine y(-5).
-18
Let k(w) = -6*w + 15. What is k(12)?
-57
Let u(v) = -6*v + 12. What is u(3)?
-6
Let f(i) = -i**2 - 37*i - 58. Determine f(-36).
-22
Let y(b) = b**2 + 13*b + 26. Give y(-9).
-10
Let h(f) = 10*f + 22. Calculate h(-3).
-8
Let z(o) = -o**2 - 2*o + 41. Determine z(5).
6
Let k(w) = 2*w**3 - 2*w**2 + w + 16. Determine k(-3).
-59
Let j(w) = -2*w - 5. What is j(-9)?
13
Let a(x) = x**2 + x - 5. What is a(-4)?
7
Let d(u) = -4*u**2 + 8*u + 7. What is d(-4)?
-89
Let y(m) = -2*m**3 + 38*m**2 + 39*m + 22. Calculate y(20).
2
Let x(j) = j**2 - 4*j - 101. Give x(-8).
-5
Let y(m) = 24*m. What is y(1)?
24
Let y(u) = -u**2 - 12*u + 2. What is y(-8)?
34
Let q(r) = r**3 - 10*r**2 + 2*r - 9. Determine q(10).
11
Let w(p) = -p + 11. Give w(0).
11
Let d(t) = -t**3 - 5*t**2 - 10*t - 13. Determine d(-4).
11
Let f(z) = -3*z + 13. Give f(6).
-5
Let q(l) = l**3 - 26*l**2 + 25*l - 12. Calculate q(25).
-12
Let n(m) = m - 42. Determine n(47).
5
Let w(g) = -g**3 + 10*g**2 + 10*g + 6. What is w(11)?
-5
Let j(a) = -4*a + 10. Determine j(10).
-30
Let m(q) = 2*q - 27. Calculate m(19).
11
Let m(u) = -24*u - 240. Calculate m(-10).
0
Let r(d) = -d**2 - 9*d - 11. Calculate r(-5).
9
Let q(r) = -21*r - 75. Determine q(-4).
9
Let i(a) = a + 8. What is i(0)?
8
Let i(c) = -15*c + 68. Determine i(4).
8
Let m(h) = -h**3 + 2*h**2 + 4*h. Calculate m(3).
3
Let n(o) = o**2 - 10*o - 20. What is n(7)?
-41
Let y(u) = -u**3 - 11*u**2 + u + 9. Give y(-11).
-2
Let r(y) = 10*y + 44. Give r(-11).
-66
Let o(y) = 3*y**3 + 3*y**2 + 2*y + 3. Give o(-2).
-13
Let b(i) = i**3 + 5*i**2 - 79*i - 326. Determine b(-4).
6
Let w(v) = 6*v - 38. Give w(6).
-2
Let o(x) = 5*x + 71. Calculate o(-14).
1
Let j(n) = 10*n + 139. Calculate j(-12).
19
Let p(o) = -4*o + 19. What is p(6)?
-5
Let c(l) = -23*l - 154. Calculate c(-7).
7
Let w(v) = -v + 10. Determine w(-10).
20
Let s(v) = 2*v**2 - 24*v + 27. Determine s(10).
-13
Let s(t) = -t**2 + 6*t + 4. Determine s(6).
4
Let l(t) = t**2 + 11*t - 145. Calculate l(-19).
7
Let c(m) = m**3 - 11*m**2 + 23*m - 14. What is c(8)?
-22
Let g(x) = 5*x + 4. Give g(-2).
-6
Let y(p) = 50*p**3 - p + 1. Give y(1).
50
Let p(a) = 3*a**2 - a + 2. Calculate p(1).
4
Let f(r) = -r**3 - 10*r**2 + 10*r + 6. Give f(-11).
17
Let s(t) = t**3 - 12*t**2 + 23*t. Determine s(10).
30
Let v(n) = -n**3 + 11*n**2 + 12*n + 4. Give v(12).
4
Let d(p) = p**3 + 5*p**2 + 11. What is d(-5)?
11
Let x(o) = -o**3 + 5*o**2 - 4*o + 6. Give x(3).
12
Let f(b) = -2*b**3 - b**2 - b. What is f(-3)?
48
Let w(u) = 4*u**2 + 2*u. Calculate w(1).
6
Let y(w) = w**3 + 4*w**2 + 6*w + 6. What is y(-3)?
-3
Let t(i) = 6*i + 2. Give t(-3).
-16
Let y(o) = -o**3 - 4*o**2 + 8*o + 8. What is y(-4)?
-24
Let w(d) = d - 7. Determine w(7).
0
Let r(v) = v**3 + 32*v**2 - 3*v - 97. Determine r(-32).
-1
Let j(x) = -x**3 - 12*x**2 - 10*x + 13. Give j(-11).
2
Let g(y) = -y**3 - 15*y**2 - 15*y - 21. Give g(-14).
-7
Let q(k) = -k**2 - 5*k - 2. Give q(-5).
-2
Let j(q) = -3*q - 37. Calculate j(-18).
17
Let x(y) = -y**3 - 9*y**2 + 2*y + 10. Determine x(-9).
-8
Let u(z) = -z**3 + 11*z**2 - 8*z - 2. Give u(10).
18
Let m(j) = 3*j + 51. What is m(-17)?
0
Let g(w) = -3*w - 8. Calculate g(-11).
25
Let v(s) = 61*s - 5. What is v(0)?
-5
Let d(a) = -a**3 + 18*a**2 - 18*a - 12. Give d(17).
-29
Let d(u) = 3*u - 1. What is d(2)?
5
Let h(d) = -d**3 + 6*d**2 - 3*d + 7. Give h(6).
-11
Let d(g) = g**3 + 6*g**2 - 4*g - 9. Determine d(-7).
-30
Let x(j) = j**2 + 5*j - 7. Calculate x(-9).
29
Let s(c) = -6*c - 3. Give s(-3).
15
Let l(n) = 3*n - 1. Calculate l(5).
14
Let v(p) = -34*p + 163. Calculate v(7).
-75
Let b(s) = s**3 + 5*s**2 - 3*s + 4. Give b(-6).
-14
Let j(g) = -g**3 - 7*g**2 + 18*g - 9. Give j(-9).
-9
Let r(a) = 26*a**2 + 936*a - 6. Give r(-36).
-6
Let y(t) = t**3 - 24*t**2 - 23*t - 71. What is y(25)?
-21
Let p(v) = -v**2 - 6*v + 11. What is p(-8)?
-5
Let x(l) = -l**3 + 9*l**2 - 3*l + 4. Calculate x(9).
-23
Let m(x) = -x**3 + 8*x**2 + 11*x + 7. Give m(9).
25
Let d(c) = c**3 + 8*c**2 + 6*c - 9. What is d(-7)?
-2
Let f(n) = 78*n - 315. What is f(4)?
-3
Let m(p) = 9*p + 2. Calculate m(-2).
-16
Let z(r) = r**2 - 37*r + 215. Give z(7).
5
Let r(n) = n**3 - 6*n**2 + 4*n + 6. Give r(6).
30
Let o(x) = x**3 + 6*x**2 - 7*x - 8. Give o(-7).
-8
Let s(d) = d**3 - d**2 - 6*d + 7. What is s(5)?
77
Let z(d) = -d**3 + d**2 - 20. Give z(0).
-20
Let f(j) = j**3 - 2*j**2 - 3*j + 1. Determine f(2).
-5
Let u(m) = -m**3 - 19*m**2 - 35*m - 10. Calculate u(-17).
7
Let a(k) = -10*k**2 - 1. Calculate a(1).
-11
Let a(s) = -s**3 + 6*s**2 - 3*s - 12. What is a(4)?
8
Let b(y) = -y**2 - 11*y - 10. Determine b(-10).
0
Let y(j) = -6*j + 24. What is y(3)?
6
Let u(n) = n**3 + 5*n**2 + 4*n - 5. What i